 708245 is divided by 3233?
218
What is the remainder when 15385403 is divided by 100?
3
Calculate the remainder when 18439902 is divided by 71.
66
What is the remainder when 2672216 is divided by 397?
9
Calculate the remainder when 29907 is divided by 3329.
3275
Calculate the remainder when 7060934 is divided by 1244.
1234
Calculate the remainder when 11736485 is divided by 189298.
9
What is the remainder when 22767 is divided by 107?
83
Calculate the remainder when 70202 is divided by 3436.
1482
Calculate the remainder when 3727644 is divided by 17.
3
What is the remainder when 1876242 is divided by 22605?
27
What is the remainder when 83889593 is divided by 434?
431
What is the remainder when 904078 is divided by 226016?
14
Calculate the remainder when 737732 is divided by 4810.
1802
What is the remainder when 14532 is divided by 1476?
1248
What is the remainder when 1338862 is divided by 6?
4
What is the remainder when 218988 is divided by 4349?
1538
What is the remainder when 174414 is divided by 5203?
2715
Calculate the remainder when 567831 is divided by 31539.
129
Calculate the remainder when 5154011 is divided by 379.
369
What is the remainder when 1117436197 is divided by 158?
157
Calculate the remainder when 43292677 is divided by 338.
285
What is the remainder when 518129 is divided by 400?
129
What is the remainder when 449648468 is divided by 170?
168
Calculate the remainder when 89597653 is divided by 18.
7
What is the remainder when 4143417 is divided by 406?
187
What is the remainder when 152096 is divided by 1644?
848
What is the remainder when 980375747 is divided by 250?
247
Calculate the remainder when 64650 is divided by 267.
36
What is the remainder when 5165383 is divided by 56?
55
Calculate the remainder when 192227836 is divided by 5048.
5044
What is the remainder when 55911 is divided by 350?
261
Calculate the remainder when 385458 is divided by 124.
66
What is the remainder when 6155280 is divided by 851?
848
Calculate the remainder when 5898898 is divided by 55.
38
What is the remainder when 6079640 is divided by 39478?
28
Calculate the remainder when 290200 is divided by 3122.
2976
What is the remainder when 111059 is divided by 10545?
5609
Calculate the remainder when 19172 is divided by 5933.
1373
Calculate the remainder when 788145 is divided by 3026.
1385
Calculate the remainder when 20167 is divided by 875.
42
What is the remainder when 692369 is divided by 25?
19
Calculate the remainder when 939693 is divided by 2232.
21
Calculate the remainder when 5633022 is divided by 1877672.
6
Calculate the remainder when 41213734 is divided by 76.
74
Calculate the remainder when 97999588 is divided by 802.
0
Calculate the remainder when 3428521 is divided by 1713994.
533
What is the remainder when 20188 is divided by 968?
828
What is the remainder when 340248 is divided by 127?
15
Calculate the remainder when 13775488 is divided by 9.
7
What is the remainder when 105955 is divided by 3474?
1735
Calculate the remainder when 4271486 is divided by 30.
26
Calculate the remainder when 2271770 is divided by 567938.
18
Calculate the remainder when 1493432 is divided by 3598.
262
Calculate the remainder when 9082478 is divided by 29.
26
Calculate the remainder when 2414644 is divided by 1512.
1492
Calculate the remainder when 260907 is divided by 11343.
18
What is the remainder when 10297147 is divided by 1854?
31
Calculate the remainder when 2357 is divided by 44.
25
What is the remainder when 191338 is divided by 1211?
0
Calculate the remainder when 770333 is divided by 168.
53
Calculate the remainder when 1023659 is divided by 4.
3
What is the remainder when 723464 is divided by 1715?
1449
Calculate the remainder when 54593 is divided by 17382.
2447
Calculate the remainder when 461050 is divided by 461018.
32
Calculate the remainder when 10696095 is divided by 381.
282
What is the remainder when 36339 is divided by 12038?
225
What is the remainder when 100030 is divided by 12081?
3382
What is the remainder when 134774 is divided by 63742?
7290
Calculate the remainder when 692935 is divided by 4849.
4377
What is the remainder when 19850858 is divided by 172615?
133
Calculate the remainder when 19449901 is divided by 2017.
1987
What is the remainder when 10011864 is divided by 26?
18
Calculate the remainder when 93874 is divided by 5794.
1170
Calculate the remainder when 62973 is divided by 62920.
53
What is the remainder when 63651417 is divided by 12?
9
What is the remainder when 104035026 is divided by 38?
32
Calculate the remainder when 4315990 is divided by 719234.
586
What is the remainder when 29162 is divided by 726?
122
Calculate the remainder when 612933 is divided by 1104.
213
Calculate the remainder when 6886540 is divided by 4288.
12
What is the remainder when 31770 is divided by 30700?
1070
Calculate the remainder when 2087286 is divided by 390.
6
What is the remainder when 10435 is divided by 946?
29
Calculate the remainder when 25076350 is divided by 608.
606
Calculate the remainder when 72030296 is divided by 7409.
7407
What is the remainder when 17913355 is divided by 1990367?
52
What is the remainder when 4616 is divided by 1893?
830
What is the remainder when 197606 is divided by 42?
38
What is the remainder when 1581569 is divided by 516?
29
What is the remainder when 70450084 is divided by 802?
800
What is the remainder when 14643628 is divided by 716?
712
Calculate the remainder when 32645 is divided by 758.
51
Calculate the remainder when 5797691 is divided by 739.
236
What is the remainder when 2405651 is divided by 113?
107
Calculate the remainder when 1812247 is divided by 1959.
172
Calculate the remainder when 214703 is divided by 49.
34
Calculate the remainder when 299686 is divided by 74893.
114
What is the remainder when 1193109 is divided by 1940?
9
Calculate the remainder when 15527 is divided by 1644.
731
What is the remainder when 1182592 is divided by 226?
160
What is the remainder when 5042993 is divided by 1852?
1849
What is the remainder when 179318067 is divided by 394?
393
What is the remainder when 156961357 is divided by 2307?
2305
What is the remainder when 516234 is divided by 7071?
51
Calculate the remainder when 115354 is divided by 27882.
3826
What is the remainder when 74110732 is divided by 421?
418
Calculate the remainder when 4090075 is divided by 1159.
1123
Calculate the remainder when 10026861 is divided by 765.
6
Calculate the remainder when 11985 is divided by 11300.
685
Calculate the remainder when 313485 is divided by 6429.
4893
What is the remainder when 624471 is divided by 136?
95
Calculate the remainder when 445176 is divided by 717.
636
What is the remainder when 3542102 is divided by 46?
10
Calculate the remainder when 10703194 is divided by 9017.
15
Calculate the remainder when 290832 is divided by 364.
360
What is the remainder when 39340 is divided by 19168?
1004
What is the remainder when 24938817 is divided by 135?
132
What is the remainder when 193040718 is divided by 48260177?
10
Calculate the remainder when 5310854 is divided by 20.
14
What is the remainder when 5003545 is divided by 17?
3
Calculate the remainder when 92835480 is divided by 2698.
2696
Calculate the remainder when 894033 is divided by 20790.
63
Calculate the remainder when 123667 is divided by 6868.
43
What is the remainder when 71524 is divided by 1408?
1124
Calculate the remainder when 75805 is divided by 2704.
93
What is the remainder when 5792074 is divided by 965343?
16
What is the remainder when 13932 is divided by 2594?
962
Calculate the remainder when 520690653 is divided by 11.
10
Calculate the remainder when 29416376 is divided by 65956.
0
What is the remainder when 91418 is divided by 8221?
987
What is the remainder when 106105756 is divided by 4080990?
16
Calculate the remainder when 27407 is divided by 1049.
133
Calculate the remainder when 96087310 is divided by 32029100.
10
What is the remainder when 13014006 is divided by 3770?
3736
What is the remainder when 51267400 is divided by 18?
16
Calculate the remainder when 1288958 is divided by 220.
198
Calculate the remainder when 111308 is divided by 451.
362
What is the remainder when 380102 is divided by 8258?
234
What i